{"id":1268,"date":"2024-09-04T18:17:42","date_gmt":"2024-09-04T16:17:42","guid":{"rendered":"http:\/\/www.moonyounhee.com\/corpo\/?page_id=1268"},"modified":"2025-05-08T10:03:59","modified_gmt":"2025-05-08T08:03:59","slug":"schroepftherapie","status":"publish","type":"page","link":"https:\/\/www.corpo.at\/corpo\/schroepftherapie\/","title":{"rendered":"Schr\u00f6pftherapie"},"content":{"rendered":"\n<p>In der traditionellen chinesischen und nah\u00f6stlichen Naturmedizin wird das Schr\u00f6pfen angewendet, um eine Vielzahl von Erkrankungen zu behandeln. Dabei werden an bestimmten Stellen Sauggl\u00e4ser auf die Haut angebracht und ein Unterdruck erzeugt. Die Lage der Sch\u00f6pfstellen orientiert sich am Tastbefund, das hei\u00dft, es wird im Bereich von muskul\u00e4ren Verh\u00e4rtungen oder faszialen Verklebungen geschr\u00f6pft. Der Unterdruck zieht die Haut nach oben und erm\u00f6glicht eine starke Durchblutung der behandelten Stelle, was den K\u00f6rper zu einer Reaktion zwingt. Dadurch k\u00f6nnen k\u00f6rpereigene Funktionen gest\u00e4rkt und Selbstheilungskr\u00e4fte aktiviert werden.<\/p>\n\n\n\n<p>Bei der Schr\u00f6pfkopfmassage wird das Schr\u00f6pfglas auf unversehrte Hautstellen gesetzt. Der Schr\u00f6pfkopf wird dann \u00fcber eine bestimmte Stelle verschoben, was eine verst\u00e4rkte Durchblutungsf\u00f6rderung zur Folge hat.<\/p>\n\n\n\n<p>Anwendungsbereiche:<\/p>\n\n\n\n<p>Es gibt Hinweise darauf, dass die Schr\u00f6pfkopftherapie f\u00fcr die Behandlung bestimmter Beschwerden von Vorteil sein kann, darunter Migr\u00e4ne, Rheuma, Bandscheibenprobleme, Hexenschuss, Knieprobleme, Ischias, Kopfschmerzen, Nierenschw\u00e4che, Wetterf\u00fchligkeit, M\u00fcdigkeit, Depressionen, Verdauungsprobleme, Herz-Kreislauferkrankungen und Organbeschwerden.<\/p>\n\n\n\n<p>Kontraindikationen:<\/p>\n\n\n\n<p>Das Schr\u00f6pfen sollte unter anderem nicht bei Schwangeren bis zum vierten Schwangerschaftsmonat angewendet werden. Auch sollten keine Schr\u00f6pfk\u00f6pfe \u00fcber verletzter Haut, Tumoren, Sonnenbrand, Brandwunden oder frischen Verletzungen platziert werden.<\/p>\n","protected":false},"excerpt":{"rendered":"<p>In der traditionellen chinesischen und nah\u00f6stlichen Naturmedizin wird das Schr\u00f6pfen angewendet, um eine Vielzahl von Erkrankungen zu behandeln. Dabei werden an bestimmten Stellen Sauggl\u00e4ser auf die Haut angebracht und ein Unterdruck erzeugt. Die Lage der Sch\u00f6pfstellen orientiert sich am Tastbefund, das hei\u00dft, es wird im Bereich von muskul\u00e4ren Verh\u00e4rtungen oder faszialen Verklebungen geschr\u00f6pft. Der Unterdruck zieht die Haut nach oben und erm\u00f6glicht eine starke Durchblutung der behandelten Stelle, was den K\u00f6rper zu einer Reaktion zwingt. Dadurch k\u00f6nnen k\u00f6rpereigene Funktionen gest\u00e4rkt und Selbstheilungskr\u00e4fte aktiviert werden. Bei der Schr\u00f6pfkopfmassage wird das Schr\u00f6pfglas auf unversehrte Hautstellen gesetzt. Der Schr\u00f6pfkopf wird dann \u00fcber eine&#8230; <\/p>\n","protected":false},"author":1,"featured_media":0,"parent":0,"menu_order":0,"comment_status":"closed","ping_status":"closed","template":"template-full-width.php","meta":{"footnotes":""},"class_list":["post-1268","page","type-page","status-publish","hentry"],"_links":{"self":[{"href":"https:\/\/www.corpo.at\/corpo\/wp-json\/wp\/v2\/pages\/1268","targetHints":{"allow":["GET"]}}],"collection":[{"href":"https:\/\/www.corpo.at\/corpo\/wp-json\/wp\/v2\/pages"}],"about":[{"href":"https:\/\/www.corpo.at\/corpo\/wp-json\/wp\/v2\/types\/page"}],"author":[{"embeddable":true,"href":"https:\/\/www.corpo.at\/corpo\/wp-json\/wp\/v2\/users\/1"}],"replies":[{"embeddable":true,"href":"https:\/\/www.corpo.at\/corpo\/wp-json\/wp\/v2\/comments?post=1268"}],"version-history":[{"count":1,"href":"https:\/\/www.corpo.at\/corpo\/wp-json\/wp\/v2\/pages\/1268\/revisions"}],"predecessor-version":[{"id":1270,"href":"https:\/\/www.corpo.at\/corpo\/wp-json\/wp\/v2\/pages\/1268\/revisions\/1270"}],"wp:attachment":[{"href":"https:\/\/www.corpo.at\/corpo\/wp-json\/wp\/v2\/media?parent=1268"}],"curies":[{"name":"wp","href":"https:\/\/api.w.org\/{rel}","templated":true}]}}