{"id":1433,"date":"2025-05-08T10:07:37","date_gmt":"2025-05-08T08:07:37","guid":{"rendered":"https:\/\/www.moonyounhee.com\/corpo\/?page_id=1433"},"modified":"2025-05-08T10:07:37","modified_gmt":"2025-05-08T08:07:37","slug":"heilmassage-2","status":"publish","type":"page","link":"https:\/\/www.corpo.at\/corpo\/heilmassage-2\/","title":{"rendered":"Heilmassage"},"content":{"rendered":"\n<p>Die Heilmassage kann bei vielen Beschwerden des Bewegungsapparates eingesetzt werden. Sie hilft bei der Straffung des Muskelgewebes, der Entschlackung des Organismus, der Nachbehandlung verschiedener Krankheitsbilder und nicht zuletzt bei der Regeneration von K\u00f6rper und Geist. Durch die Massage wird die Durchblutung der Muskulatur gef\u00f6rdert und angestaute Stoffwechselprodukte freigesetzt, die dann vom Blut abtransportiert werden. Insbesondere an Stellen, wo bereits Verklebungen und Verk\u00fcrzungen der Muskulatur vorhanden sind und Schmerzen verursachen, kann die Heilmassage anfangs ein wenig unangenehm sein. Es k\u00f6nnen sowohl sanfte als auch kr\u00e4ftigere Reize gesetzt werden, was zu einer muskul\u00e4ren und k\u00f6rperlichen Reaktion f\u00fchren kann, die einem Muskelkater \u00e4hnelt. Dieser &#8222;Muskelkater&#8220; kann bis zu 2 Tage anhalten. Dennoch bestimmen Sie, wie stark der Massagedruck sein darf. Das vorrangige Ziel der Behandlung ist es, Verspannungen und Verh\u00e4rtungen zu l\u00f6sen.<\/p>\n\n\n\n<p><strong>Eine Heilmassage erfordert eine \u00e4rztliche Abkl\u00e4rung und Zuweisung.<\/strong><\/p>\n\n\n\n<p>Wie verl\u00e4uft eine Behandlung?<\/p>\n\n\n\n<p>Um Schmerzen langfristig erfolgreich zu behandeln, ist es wichtig, die genaue Ursache herauszufinden.<\/p>\n\n\n\n<p>Sie Zeigen die mitgebrachte \u00e4rztliche Verordnung, auf der die Diagnose vermerkt ist, und schildern mir Ihre Beschwerden aus Ihrer Sicht.<\/p>\n\n\n\n<p>Durch Abtasten erhalte ich zus\u00e4tzliche Informationen \u00fcber Ihren aktuellen Zustand und bekomme Hinweise darauf, was die Ursache Ihrer Beschwerden sein k\u00f6nnte. Nachdem Kontraindikationen ausgeschlossen wurden, berate ich Sie \u00fcber die Therapieformen, die ich anbieten kann und die individuell auf Sie abgestimmt werden, oft in Form einer Kombination aus verschiedenen Techniken.<\/p>\n\n\n\n<p>Eine Behandlung ist immer ein Lernprozess f\u00fcr den K\u00f6rper. Abh\u00e4ngig von der bisherigen Dauer und Schwere Ihrer Beschwerden variiert die Anzahl der Behandlungen und die Dauer der Betreuung.<\/p>\n\n\n\n<p>In den meisten F\u00e4llen sind vier bis f\u00fcnf Termine erforderlich, um abzusch\u00e4tzen, wie schnell der K\u00f6rper auf die Behandlung reagiert. Oft tritt nach der erste Behandlung schon eine deutliche Verbesserung ein. Ist ein ganzheitlicher Erfolg eingetreten, werden Behandlungen in immer gr\u00f6\u00dfer werdenden Intervallen durchgef\u00fchrt.<\/p>\n","protected":false},"excerpt":{"rendered":"<p>Die Heilmassage kann bei vielen Beschwerden des Bewegungsapparates eingesetzt werden. Sie hilft bei der Straffung des Muskelgewebes, der Entschlackung des Organismus, der Nachbehandlung verschiedener Krankheitsbilder und nicht zuletzt bei der Regeneration von K\u00f6rper und Geist. Durch die Massage wird die Durchblutung der Muskulatur gef\u00f6rdert und angestaute Stoffwechselprodukte freigesetzt, die dann vom Blut abtransportiert werden. Insbesondere an Stellen, wo bereits Verklebungen und Verk\u00fcrzungen der Muskulatur vorhanden sind und Schmerzen verursachen, kann die Heilmassage anfangs ein wenig unangenehm sein. Es k\u00f6nnen sowohl sanfte als auch kr\u00e4ftigere Reize gesetzt werden, was zu einer muskul\u00e4ren und k\u00f6rperlichen Reaktion f\u00fchren kann, die einem Muskelkater \u00e4hnelt&#8230;. <\/p>\n","protected":false},"author":1,"featured_media":0,"parent":0,"menu_order":0,"comment_status":"closed","ping_status":"closed","template":"template-full-width.php","meta":{"footnotes":""},"class_list":["post-1433","page","type-page","status-publish","hentry"],"_links":{"self":[{"href":"https:\/\/www.corpo.at\/corpo\/wp-json\/wp\/v2\/pages\/1433","targetHints":{"allow":["GET"]}}],"collection":[{"href":"https:\/\/www.corpo.at\/corpo\/wp-json\/wp\/v2\/pages"}],"about":[{"href":"https:\/\/www.corpo.at\/corpo\/wp-json\/wp\/v2\/types\/page"}],"author":[{"embeddable":true,"href":"https:\/\/www.corpo.at\/corpo\/wp-json\/wp\/v2\/users\/1"}],"replies":[{"embeddable":true,"href":"https:\/\/www.corpo.at\/corpo\/wp-json\/wp\/v2\/comments?post=1433"}],"version-history":[{"count":2,"href":"https:\/\/www.corpo.at\/corpo\/wp-json\/wp\/v2\/pages\/1433\/revisions"}],"predecessor-version":[{"id":1437,"href":"https:\/\/www.corpo.at\/corpo\/wp-json\/wp\/v2\/pages\/1433\/revisions\/1437"}],"wp:attachment":[{"href":"https:\/\/www.corpo.at\/corpo\/wp-json\/wp\/v2\/media?parent=1433"}],"curies":[{"name":"wp","href":"https:\/\/api.w.org\/{rel}","templated":true}]}}